{"id":96,"date":"2025-01-07T09:06:58","date_gmt":"2025-01-07T09:06:58","guid":{"rendered":"https:\/\/demo.awaikenthemes.com\/lenity\/?page_id=96"},"modified":"2025-07-08T13:11:10","modified_gmt":"2025-07-08T11:11:10","slug":"jak-pomoc","status":"publish","type":"page","link":"https:\/\/pomocdlapawcia.pl\/?page_id=96","title":{"rendered":"Jak pom\u00f3c?"},"content":{"rendered":"\t\t<div data-elementor-type=\"wp-page\" data-elementor-id=\"96\" class=\"elementor elementor-96\">\n\t\t\t\t<div class=\"elementor-element elementor-element-40926ef page-hero-section e-flex e-con-boxed e-con e-parent\" data-id=\"40926ef\" data-element_type=\"container\" data-e-type=\"container\" data-settings=\"{&quot;background_background&quot;:&quot;classic&quot;,&quot;ekit_section_parallax_bg&quot;:&quot;yes&quot;,&quot;ekit_section_parallax_bg_speed&quot;:0.5}\">\n\t\t\t\t\t<div class=\"e-con-inner\">\n\t\t<div class=\"elementor-element elementor-element-08c44be e-con-full e-flex e-con e-child\" data-id=\"08c44be\" data-element_type=\"container\" data-e-type=\"container\">\n\t\t\t\t<div class=\"elementor-element elementor-element-e958b34 at-heading-animation at-animation-heading-style-2 elementor-widget elementor-widget-heading\" data-id=\"e958b34\" data-element_type=\"widget\" data-e-type=\"widget\" data-settings=\"{&quot;ekit_we_effect_on&quot;:&quot;none&quot;}\" data-widget_type=\"heading.default\">\n\t\t\t\t\t<h1 class=\"elementor-heading-title elementor-size-default\"><span> Jak <\/span>pom\u00f3c?<\/h1>\t\t\t\t<\/div>\n\t\t\t\t<\/div>\n\t\t\t\t\t<\/div>\n\t\t\t\t<\/div>\n\t\t<div class=\"elementor-element elementor-element-223a20cc e-flex e-con-boxed e-con e-parent\" data-id=\"223a20cc\" data-element_type=\"container\" data-e-type=\"container\">\n\t\t\t\t\t<div class=\"e-con-inner\">\n\t\t<div class=\"elementor-element elementor-element-10dbd49a e-con-full e-flex e-con e-child\" data-id=\"10dbd49a\" data-element_type=\"container\" data-e-type=\"container\">\n\t\t\t\t<div class=\"elementor-element elementor-element-56b3354 at-heading-animation at-animation-heading-style-2 elementor-widget elementor-widget-heading\" data-id=\"56b3354\" data-element_type=\"widget\" data-e-type=\"widget\" data-settings=\"{&quot;ekit_we_effect_on&quot;:&quot;none&quot;}\" data-widget_type=\"heading.default\">\n\t\t\t\t\t<h2 class=\"elementor-heading-title elementor-size-default\">Jak pom\u00f3c Pawe\u0142kowi?<\/h2>\t\t\t\t<\/div>\n\t\t\t\t<div class=\"elementor-element elementor-element-78fc811d elementor-invisible elementor-widget elementor-widget-elementskit-accordion\" data-id=\"78fc811d\" data-element_type=\"widget\" data-e-type=\"widget\" data-settings=\"{&quot;_animation&quot;:&quot;fadeInUp&quot;,&quot;_animation_delay&quot;:100,&quot;ekit_we_effect_on&quot;:&quot;none&quot;}\" data-widget_type=\"elementskit-accordion.default\">\n\t\t\t\t\t<div class=\"ekit-wid-con\" >\n        <div class=\"elementskit-accordion accoedion-primary\" id=\"accordion-69dfd5953db55\">\n\n            \n                <div class=\"elementskit-card \">\n                    <div class=\"elementskit-card-header\" id=\"primaryHeading-0-78fc811d\">\n                        <a href=\"#collapse-b216bb969dfd5953db55\" class=\"ekit-accordion--toggler elementskit-btn-link collapsed\" data-ekit-toggle=\"collapse\" data-target=\"#Collapse-b216bb969dfd5953db55\" aria-expanded=\"false\" aria-controls=\"Collapse-b216bb969dfd5953db55\">\n                            \n                            <span class=\"ekit-accordion-title\">Przekazuj\u0105c 1,5 %w zeznaniu rocznym PIT<\/span>\n\n                            \n                                <div class=\"ekit_accordion_icon_group\">\n                                    <div class=\"ekit_accordion_normal_icon\">\n                                        <!-- Normal Icon -->\n\t\t\t\t\t\t\t\t\t\t<i class=\"fas fa-chevron-right\"><\/i>                                    <\/div>\n\n                                    <div class=\"ekit_accordion_active_icon\">\n                                        <!-- Active Icon -->\n\t\t\t\t\t\t\t\t\t\t<i class=\"fas fa-chevron-down\"><\/i>                                    <\/div>\n                                <\/div>\n\n                            \n                                                    <\/a>\n                    <\/div>\n\n                    <div id=\"Collapse-b216bb969dfd5953db55\" class=\" collapse\" aria-labelledby=\"primaryHeading-0-78fc811d\" data-parent=\"#accordion-69dfd5953db55\">\n\n                        <div class=\"elementskit-card-body ekit-accordion--content\">\n                            <p><a href=\"https:\/\/pomocdlapawcia.pl\/?page_id=14196\">Przeka\u017c 1,5% \u2013 Pomoc Dla Pawcia<\/a><\/p>                        <\/div>\n\n                    <\/div>\n\n                <\/div><!-- .elementskit-card END -->\n\n                \n                <div class=\"elementskit-card active\">\n                    <div class=\"elementskit-card-header\" id=\"primaryHeading-1-78fc811d\">\n                        <a href=\"#collapse-b839d5269dfd5953db55\" class=\"ekit-accordion--toggler elementskit-btn-link collapsed\" data-ekit-toggle=\"collapse\" data-target=\"#Collapse-b839d5269dfd5953db55\" aria-expanded=\"true\" aria-controls=\"Collapse-b839d5269dfd5953db55\">\n                            \n                            <span class=\"ekit-accordion-title\">Przekazuj\u0105c darowizn\u0119 na subkonto Pawe\u0142ka w Fundacji<\/span>\n\n                            \n                                <div class=\"ekit_accordion_icon_group\">\n                                    <div class=\"ekit_accordion_normal_icon\">\n                                        <!-- Normal Icon -->\n\t\t\t\t\t\t\t\t\t\t<i class=\"fas fa-chevron-right\"><\/i>                                    <\/div>\n\n                                    <div class=\"ekit_accordion_active_icon\">\n                                        <!-- Active Icon -->\n\t\t\t\t\t\t\t\t\t\t<i class=\"fas fa-chevron-down\"><\/i>                                    <\/div>\n                                <\/div>\n\n                            \n                                                    <\/a>\n                    <\/div>\n\n                    <div id=\"Collapse-b839d5269dfd5953db55\" class=\" show collapse\" aria-labelledby=\"primaryHeading-1-78fc811d\" data-parent=\"#accordion-69dfd5953db55\">\n\n                        <div class=\"elementskit-card-body ekit-accordion--content\">\n                            <p><a href=\"https:\/\/pomocdlapawcia.pl\/?page_id=12853\">Darowizna \u2013 Pomoc Dla Pawcia<\/a><\/p>                        <\/div>\n\n                    <\/div>\n\n                <\/div><!-- .elementskit-card END -->\n\n                \n                <div class=\"elementskit-card \">\n                    <div class=\"elementskit-card-header\" id=\"primaryHeading-2-78fc811d\">\n                        <a href=\"#collapse-412783f69dfd5953db55\" class=\"ekit-accordion--toggler elementskit-btn-link collapsed\" data-ekit-toggle=\"collapse\" data-target=\"#Collapse-412783f69dfd5953db55\" aria-expanded=\"false\" aria-controls=\"Collapse-412783f69dfd5953db55\">\n                            \n                            <span class=\"ekit-accordion-title\">Inne sposoby wsparcia<\/span>\n\n                            \n                                <div class=\"ekit_accordion_icon_group\">\n                                    <div class=\"ekit_accordion_normal_icon\">\n                                        <!-- Normal Icon -->\n\t\t\t\t\t\t\t\t\t\t<i class=\"fas fa-chevron-right\"><\/i>                                    <\/div>\n\n                                    <div class=\"ekit_accordion_active_icon\">\n                                        <!-- Active Icon -->\n\t\t\t\t\t\t\t\t\t\t<i class=\"fas fa-chevron-down\"><\/i>                                    <\/div>\n                                <\/div>\n\n                            \n                                                    <\/a>\n                    <\/div>\n\n                    <div id=\"Collapse-412783f69dfd5953db55\" class=\" collapse\" aria-labelledby=\"primaryHeading-2-78fc811d\" data-parent=\"#accordion-69dfd5953db55\">\n\n                        <div class=\"elementskit-card-body ekit-accordion--content\">\n                            <p>Udost\u0119pnianie <strong><a href=\"https:\/\/dzieciom.pl\/podopieczni\/29572\">profilu Pawe\u0142ka w Fundacji Dzieciom Zd\u0105\u017cy\u0107 z Pomoc\u0105 <\/a><\/strong>\u00a0oraz naszej strony.<\/p>                        <\/div>\n\n                    <\/div>\n\n                <\/div><!-- .elementskit-card END -->\n\n                                        <\/div>\n    <\/div>\t\t\t\t<\/div>\n\t\t\t\t<\/div>\n\t\t<div class=\"elementor-element elementor-element-75ae0ea3 e-con-full faqs-image e-flex e-con e-child\" data-id=\"75ae0ea3\" data-element_type=\"container\" data-e-type=\"container\">\n\t\t\t\t<div class=\"elementor-element elementor-element-45b8ff13 faqs-image-1 at-image-animation at-animation-image-style-1 at-shiny-glass-effect elementor-widget elementor-widget-image\" data-id=\"45b8ff13\" data-element_type=\"widget\" data-e-type=\"widget\" data-settings=\"{&quot;ekit_we_effect_on&quot;:&quot;none&quot;}\" data-widget_type=\"image.default\">\n\t\t\t\t\t\t\t\t\t\t\t\t\t\t\t<img fetchpriority=\"high\" decoding=\"async\" width=\"1200\" height=\"800\" src=\"https:\/\/pomocdlapawcia.pl\/wp-content\/uploads\/2025\/02\/gallery-7.jpg\" class=\"attachment-full size-full wp-image-12147\" alt=\"\" srcset=\"https:\/\/pomocdlapawcia.pl\/wp-content\/uploads\/2025\/02\/gallery-7.jpg 1200w, https:\/\/pomocdlapawcia.pl\/wp-content\/uploads\/2025\/02\/gallery-7-300x200.jpg 300w, https:\/\/pomocdlapawcia.pl\/wp-content\/uploads\/2025\/02\/gallery-7-1024x683.jpg 1024w, https:\/\/pomocdlapawcia.pl\/wp-content\/uploads\/2025\/02\/gallery-7-768x512.jpg 768w\" sizes=\"(max-width: 1200px) 100vw, 1200px\" \/>\t\t\t\t\t\t\t\t\t\t\t\t\t\t\t<\/div>\n\t\t\t\t<div class=\"elementor-element elementor-element-47fd0c9f elementor-absolute at-image-animation at-animation-image-style-1 at-shiny-glass-effect elementor-widget__width-initial faqs-img-2 elementor-widget elementor-widget-image\" data-id=\"47fd0c9f\" data-element_type=\"widget\" data-e-type=\"widget\" data-settings=\"{&quot;_position&quot;:&quot;absolute&quot;,&quot;ekit_we_effect_on&quot;:&quot;none&quot;}\" data-widget_type=\"image.default\">\n\t\t\t\t\t\t\t\t\t\t\t\t\t\t\t<img decoding=\"async\" width=\"1200\" height=\"800\" src=\"https:\/\/pomocdlapawcia.pl\/wp-content\/uploads\/2025\/02\/services-image-4.jpg\" class=\"attachment-full size-full wp-image-6836\" alt=\"\" srcset=\"https:\/\/pomocdlapawcia.pl\/wp-content\/uploads\/2025\/02\/services-image-4.jpg 1200w, https:\/\/pomocdlapawcia.pl\/wp-content\/uploads\/2025\/02\/services-image-4-300x200.jpg 300w, https:\/\/pomocdlapawcia.pl\/wp-content\/uploads\/2025\/02\/services-image-4-1024x683.jpg 1024w, https:\/\/pomocdlapawcia.pl\/wp-content\/uploads\/2025\/02\/services-image-4-768x512.jpg 768w\" sizes=\"(max-width: 1200px) 100vw, 1200px\" \/>\t\t\t\t\t\t\t\t\t\t\t\t\t\t\t<\/div>\n\t\t\t\t<\/div>\n\t\t\t\t\t<\/div>\n\t\t\t\t<\/div>\n\t\t\t\t<\/div>\n\t\t","protected":false},"excerpt":{"rendered":"<p>Jak pom\u00f3c? Jak pom\u00f3c Pawe\u0142kowi? Przekazuj\u0105c 1,5 %w zeznaniu [&hellip;]<\/p>\n","protected":false},"author":1,"featured_media":0,"parent":0,"menu_order":0,"comment_status":"closed","ping_status":"closed","template":"elementor_header_footer","meta":{"footnotes":""},"class_list":["post-96","page","type-page","status-publish","hentry"],"_links":{"self":[{"href":"https:\/\/pomocdlapawcia.pl\/index.php?rest_route=\/wp\/v2\/pages\/96","targetHints":{"allow":["GET"]}}],"collection":[{"href":"https:\/\/pomocdlapawcia.pl\/index.php?rest_route=\/wp\/v2\/pages"}],"about":[{"href":"https:\/\/pomocdlapawcia.pl\/index.php?rest_route=\/wp\/v2\/types\/page"}],"author":[{"embeddable":true,"href":"https:\/\/pomocdlapawcia.pl\/index.php?rest_route=\/wp\/v2\/users\/1"}],"replies":[{"embeddable":true,"href":"https:\/\/pomocdlapawcia.pl\/index.php?rest_route=%2Fwp%2Fv2%2Fcomments&post=96"}],"version-history":[{"count":26,"href":"https:\/\/pomocdlapawcia.pl\/index.php?rest_route=\/wp\/v2\/pages\/96\/revisions"}],"predecessor-version":[{"id":15286,"href":"https:\/\/pomocdlapawcia.pl\/index.php?rest_route=\/wp\/v2\/pages\/96\/revisions\/15286"}],"wp:attachment":[{"href":"https:\/\/pomocdlapawcia.pl\/index.php?rest_route=%2Fwp%2Fv2%2Fmedia&parent=96"}],"curies":[{"name":"wp","href":"https:\/\/api.w.org\/{rel}","templated":true}]}}